?
2, 3, 5, 79, 827
What are the prime factors of 8214876?
2, 3, 17, 31, 433
List the prime factors of 2143971.
3, 211, 1129
What are the prime factors of 982227?
3, 327409
What are the prime factors of 1400879?
1400879
What are the prime factors of 8070620?
2, 5, 457, 883
What are the prime factors of 26661577?
23, 1159199
List the prime factors of 366812.
2, 91703
What are the prime factors of 3725321?
151, 24671
What are the prime factors of 9852455?
5, 1970491
What are the prime factors of 26985173?
37, 729329
What are the prime factors of 198917?
17, 11701
What are the prime factors of 491171?
491171
List the prime factors of 848418.
2, 3, 141403
What are the prime factors of 9410508?
2, 3, 173, 1511
What are the prime factors of 2904042?
2, 3, 17, 71, 401
List the prime factors of 21069303.
3, 1487, 4723
List the prime factors of 3133979.
127, 24677
List the prime factors of 230192.
2, 14387
List the prime factors of 17894957.
439, 40763
What are the prime factors of 2836970?
2, 5, 283697
List the prime factors of 6014824.
2, 751853
List the prime factors of 282952.
2, 113, 313
What are the prime factors of 18671478?
2, 3, 7, 419, 1061
What are the prime factors of 98564?
2, 41, 601
What are the prime factors of 445194?
2, 3, 24733
List the prime factors of 132479.
137, 967
List the prime factors of 6103388.
2, 1193, 1279
What are the prime factors of 767774?
2, 7, 173, 317
List the prime factors of 1288690.
2, 5, 13, 23, 431
List the prime factors of 113395.
5, 22679
List the prime factors of 1294459.
1294459
List the prime factors of 8441314.
2, 7, 602951
List the prime factors of 26812651.
103, 260317
What are the prime factors of 14609191?
37, 127, 3109
What are the prime factors of 91109?
31, 2939
List the prime factors of 129746.
2, 29, 2237
What are the prime factors of 518262?
2, 3, 17, 5081
List the prime factors of 91570.
2, 5, 9157
List the prime factors of 10236042.
2, 3, 568669
What are the prime factors of 8589458?
2, 4294729
What are the prime factors of 1840533?
3, 71, 8641
List the prime factors of 13537968.
2, 3, 89, 3169
What are the prime factors of 1072200?
2, 3, 5, 1787
What are the prime factors of 502075?
5, 7, 19, 151
What are the prime factors of 86852?
2, 21713
List the prime factors of 419716.
2, 11, 9539
What are the prime factors of 71116?
2, 23, 773
What are the prime factors of 2018201?
193, 10457
What are the prime factors of 3404571?
3, 29, 39133
List the prime factors of 54949.
54949
List the prime factors of 9156.
2, 3, 7, 109
List the prime factors of 130696.
2, 17, 31
List the prime factors of 905467.
29, 31223
What are the prime factors of 437793?
3, 145931
List the prime factors of 430972.
2, 163, 661
List the prime factors of 2276843.
101, 22543
List the prime factors of 1960109.
967, 2027
What are the prime factors of 712531?
712531
What are the prime factors of 350013?
3, 17, 6863
What are the prime factors of 224901?
3, 24989
List the prime factors of 4939092.
2, 3, 137197
List the prime factors of 453785.
5, 47, 1931
What are the prime factors of 1570859?
1570859
What are the prime factors of 201870?
2, 3, 5, 2243
What are the prime factors of 395569?
449, 881
What are the prime factors of 2872093?
7, 410299
What are the prime factors of 1428100?
2, 5, 14281
List the prime factors of 1178058.
2, 3, 7, 4007
What are the prime factors of 1614158?
2, 7, 13, 181
What are the prime factors of 160790?
2, 5, 7, 2297
List the prime factors of 187639.
187639
What are the prime factors of 377858?
2, 13, 14533
What are the prime factors of 80083?
53, 1511
What are the prime factors of 200057?
11, 13, 1399
List the prime factors of 265.
5, 53
What are the prime factors of 5081453?
13, 17, 22993
What are the prime factors of 9399943?
7, 1342849
List the prime factors of 3288958.
2, 83, 19813
What are the prime factors of 22472007?
3, 1019, 7351
What are the prime factors of 3694576?
2, 17, 47
What are the prime factors of 18444760?
2, 5, 461119
What are the prime factors of 33360164?
2, 8340041
What are the prime factors of 5303517?
3, 367, 4817
What are the prime factors of 10691129?
19, 562691
List the prime factors of 8230400.
2, 5, 643
What are the prime factors of 7478426?
2, 151, 24763
List the prime factors of 470364.
2, 3, 19, 2063
What are the prime factors of 7024810?
2, 5, 13, 54037
What are the prime factors of 2024843?
2024843
List the prime factors of 406938.
2, 3, 7, 9689
What are the prime factors of 3548852?
2, 17, 52189
What are the prime factors of 1436737?
1436737
What are the prime factors of 217024?
2, 3391
List the prime factors of 39106647.
3, 17, 23, 11113
List the prime factors of 138102.
2, 3, 23017
List the prime factors of 136752.
2, 3, 7, 11, 37
List the prime factors of 757321.
19, 23, 1733
What are the prime factors of 9087309?
3, 7, 11, 31, 47
List the prime factors of 64981.
7, 9283
List the prime factors of 7646552.
2, 955819
List the prime factors of 61585.
5, 109, 113
What are the prime factors of 1447079?
43, 73, 461
List the prime factors of 1467018.
2, 3, 7, 3881
List the prime factors of 5400795.
3, 5, 360053
List the prime factors of 15618398.
2, 7809199
List the prime factors of 13755262.
2, 131, 52501
What are the prime factors of 3381845?
5, 137, 4937
What are the prime factors of 182704?
2, 19, 601
List the prime factors of 1670585.
5, 7, 59, 809
List the prime factors of 274237.
274237
What are the prime factors of 271741?
439, 619
List the prime factors of 950470.
2, 5, 17, 5591
List the prime factors of 2619.
3, 97
What are the prime factors of 6067021?
71, 85451
What are the prime factors of 1533740?
2, 5, 13, 17, 347
List the prime factors of 535950.
2, 3, 5, 397
List the prime factors of 7444782.
2, 3, 193, 2143
What are the prime factors of 34438143?
3, 1307, 8783
List the prime factors of 1308864.
2, 3, 17, 401
List the prime factors of 274577.
37, 41, 181
What are the prime factors of 758818?
2, 31, 12239
What are the prime factors of 137991?
3, 7, 6571
What are the prime factors of 29917?
29917
List the prime factors of 459847.
459847
List the prime factors of 24078.
2, 3, 4013
What are the prime factors of 19105887?
3, 19, 71, 4721
List the prime factors of 4807610.
2, 5, 480761
What are the prime factors of 2243490?
2, 3, 5, 17, 53, 83
What are the prime factors of 183562?
2, 91781
List the prime factors of 3814375.
5, 17, 359
What are the prime factors of 11397155?
5, 7, 11, 4229
List the prime factors of 2344042.
2, 1172021
What are the prime factors of 2222625?
3, 5, 5927
List the prime factors of 131149.
131149
What are the prime factors of 14324721?
3, 83, 57529
List the prime factors of 7074376.
2, 29, 30493
List the prime factors of 16308.
2, 3, 151
List the prime factors of 597567.
3, 17, 11717
List the prime factors of 1543561.
97, 15913
List the prime factors of 463911.
3, 7, 22091
What are the prime factors of 139788?
2, 3, 11, 353
List the prime factors of 831157.
271, 3067
List the prime factors of 34434.
2, 3, 1913
List the prime factors of 12802093.
2749, 4657
What are the prime factors of 1046743?
503, 2081
What are the prime factors of 676701?
3, 71, 353
List the prime factors of 2951238.
2, 3, 491873
List the prime factors of 261926.
2, 7, 53, 353
What are the prime factors of 7550737?
17, 541, 821
What are the prime factors of 398733?
3, 132911
What are the prime factors of 11193041?
41, 273001
List the prime factors of 23138666.
2, 17, 431, 1579
What are the prime factors of 7956282?
2, 3, 1326047
What are the prime factors of 7861592?
2, 19, 51721
What are the prime factors of 272022?
2, 3, 45337
What are the prime factors of 1585211?
149, 10639
What are the prime factors of 10390290?
2, 3, 5, 47, 7369
What are the prime factors of 214711?
7, 37, 829
What are the prime factors of 10749664?
2, 61, 5507
List the prime factors of 4060938.
2, 3, 7, 31, 3119
What are the prime factors of 974473?
974473
What are the prime factors of 109791?
3, 11, 1109
List the prime factors of 3776789.
3776789
What are the prime factors of 456076?
2, 17, 19, 353
What are the prime factors of 2813529?
3, 31, 30253
List the prime factors of 166324.
2, 43, 967
What are the prime factors of 27387079?
733, 37363
What are the prime factors of 214759?
2